der when t(1) is divided by 12.
9
Suppose -4*r = 3*b - 26 + 150, -28 = b - 2*r. What is the remainder when (2 - -3)*b/(-5) is divided by 13?
10
Let v = -8 - -16. Suppose -1 = -2*k - 2*m - 5, 0 = 3*k + 5*m + 16. Calculate the remainder when v is divided by k.
2
Let m = -28 - -15. Let k = m + 8. Let w(x) = x**2 + 3*x + 3. Calculate the remainder when 38 is divided by w(k).
12
Let f(q) = -q**3 + 4*q**2 - 9*q + 11. Let a(d) = -2*d**3 + 7*d**2 - 18*d + 22. Let l(n) = -6*a(n) + 13*f(n). What is the remainder when l(8) is divided by 14?
11
Let z(l) = l**3 - 2*l**2 - 6*l - 3. Calculate the remainder when z(5) is divided by 15.
12
Let f(t) = 2*t - 10. Suppose r = 2 - 0. What is the remainder when f(6) is divided by r?
0
Let f = 23 - -1. Calculate the remainder when 22 is divided by (f/(-10))/(3/(-15)).
10
Calculate the remainder when (-4)/10 + 334/10 is divided by 12.
9
Let d = 38 + -7. Let c = d + -7. Suppose l + 3*v = 6, 0 = -3*l + 7*l - 4*v - c. What is the remainder when 17 is divided by l?
5
Let n = -76 - -113. Let q(m) = 5*m**2 - 1. Let u be q(-1). Suppose u*d + a - 54 = 0, 3*d + 3 = 4*a + 34. Calculate the remainder when n is divided by d.
11
Suppose -3*f + 40 = 3*l - 53, 0 = -5*f + 3*l + 163. Suppose f = 2*o - r - 8, 49 = 3*o + 4*r. What is the remainder when 56 is divided by o?
18
Suppose -2*u - 16 = -0*u. Let i = -3 - u. Calculate the remainder when 18 is divided by i.
3
Let w(k) = k + k + 10 + k. What is the remainder when w(13) is divided by 13?
10
Let m(w) = w**3 - 6*w**2 + w + 6. Suppose -4*h + 32 = -n + 5*n, 0 = 3*h - 3. What is the remainder when m(6) is divided by n?
5
Let r be (-4 + 0)*18/(-8). Let p = r + -3. What is the remainder when ((-4)/(-10))/((-3)/(-75)) is divided by p?
4
Suppose 2*v - 155 = 26*w - 25*w, -v + w = -78. What is the remainder when v is divided by (-1)/2 + (-123)/(-6)?
17
Let z(n) = n**3 + 4*n**2 + 4*n - 9. Calculate the remainder when z(3) is divided by 17.
15
Calculate the remainder when 7/((-4)/(-20) + 0) is divided by 18.
17
Let r(p) = -3*p - 6. Let w be r(-5). Let j = 3 + w. What is the remainder when j is divided by 7?
5
Calculate the remainder when (-12 - -18)/(1/1)*1 is divided by 5.
1
Let f be (-7)/(35/6)*5. Calculate the remainder when (3 - 5)*105/f is divided by 10.
5
Suppose 2*u + 210 = 5*u. Calculate the remainder when u is divided by 24.
22
Suppose 4*l = a + 9, 3*a + 4*l - 37 = 16. What is the remainder when a is divided by (3 - 1)/(2/4)?
3
Let q = -40 - -72. What is the remainder when q is divided by 11?
10
Let n = -1 - -5. Let m = 2 - -2. Let k = 11 - m. What is the remainder when k is divided by n?
3
Suppose 2*t + 9 = -t + 3*d, 3 = d. Suppose t*f - 2*f = 0. Calculate the remainder when 2 is divided by (2 - (f + -1)) + -2.
0
Calculate the remainder when 21 is divided by (-36)/(-14)*(-154)/(-33).
9
Let d = 21 + -8. What is the remainder when 25*(-1)/(-2)*2 is divided by d?
12
What is the remainder when 75 + (4 - 1) + -2 is divided by 26?
24
Suppose 4*u - 9*u + 130 = 0. What is the remainder when u is divided by 7?
5
Let z(n) = -n + 11. What is the remainder when 8 is divided by z(6)?
3
Let l(j) = -j**2 + 4*j + 7. Let w be l(5). Suppose 4*o - h = 12 + 48, -w*o + h = -30. Suppose 0 = -3*v + v + 56. Calculate the remainder when v is divided by o.
13
Suppose -n + 16 = -y, 2*y + 17 = n + 2. Suppose 2*c + 1 = n. What is the remainder when 15 is divided by c?
7
Suppose 4*n = -4*y + 2 + 34, 3*n = 5*y - 13. Let l(h) = -h**2 + 4*h + 2. Calculate the remainder when l(n) is divided by 1.
0
Suppose 0 = i - 4*l + 7, 3*i + l = -2 - 6. Let x = 6 + i. Suppose 0 = -5*v - 4*k + x*k + 54, v - 4*k = -6. What is the remainder when 18 is divided by v?
8
Let p(x) = x**2 - x - 6. What is the remainder when p(7) is divided by -2*(1 + -8) - 1?
10
Suppose -3*j + 1 = -11. Let x = j + -4. Suppose 32 = -x*i + 4*i. Calculate the remainder when 22 is divided by i.
6
Suppose -2 + 8 = 2*r + 3*v, v = r - 3. Suppose 5*d = 0, 5*o - 12 = o - r*d. What is the remainder when 7 is divided by o?
1
Let y(t) = 4*t + 19. What is the remainder when y(6) is divided by 11?
10
Suppose 0 = -4*j + 53 + 231. Suppose -4*p - j = -3*i, -i - 4*i + 2*p = -137. Calculate the remainder when i is divided by 8.
5
Let m(l) = -6*l**3 - 2*l**2 - l + 1. Suppose -3*g - q + 46 = 0, 0 = 2*g + g - 5*q - 40. What is the remainder when m(-2) is divided by g?
13
Let b(i) = i**3 + 9*i**2 - 10*i - 7. Calculate the remainder when b(-9) is divided by 14.
13
Suppose 4*l + 4 = a, -68 = -4*a - 5*l + 32. What is the remainder when 39 is divided by a?
19
Calculate the remainder when 2 + (178/2 - 4) is divided by 18.
15
Let u = -6 - -45. Suppose -5*n + u = 4. What is the remainder when 33 is divided by n?
5
Suppose 0 = p - 5*p + 44. What is the remainder when p is divided by 3?
2
Let f(l) = l**2 + l - 2. Suppose -2*b = 2*b - 12. Let g be f(b). Suppose -2*j = 3*x - 11, -j + 2*x - g = -3*j. Calculate the remainder when 7 is divided by j.
3
Let z be (-11)/((4 - 2)/(-2)). Suppose 2*t + z = -x, -4*x - t = 14 - 5. Calculate the remainder when 7 is divided by -1 - (x + 9/(-3)).
1
Suppose 0 = -4*f + 4 + 68. What is the remainder when f is divided by 5?
3
Let y(f) = -f + 7. Let z be y(6). Let g = z + 12. Let o(p) = -p**2 - 9*p + 3. Calculate the remainder when o(-5) is divided by g.
10
Suppose 0 = -4*x + 2*x. Suppose -96 = -4*i - 4*n, x = 2*n - 0 + 10. Let q = i - 15. Calculate the remainder when 27 is divided by q.
13
Suppose -s - 2*g = 0, s - 4*g - 2 = 2*s. Calculate the remainder when (-1)/s - (-585)/10 is divided by 15.
13
Suppose -1 = -3*a - 7. What is the remainder when (-15)/6*a + -2 is divided by 1?
0
Suppose -6*u + u + 103 = 3*l, -3*u - 3*l = -63. Calculate the remainder when 99 is divided by u.
19
Let m(r) = 2*r - 5. Let b = -5 - -8. Suppose 5*s + 0*f - 17 = f, -5*s + b*f + 21 = 0. What is the remainder when m(6) is divided by s?
1
Let n = 39 + 10. Calculate the remainder when 97 is divided by n.
48
Calculate the remainder when 4/(-22) + (-1082)/(-22) is divided by 13.
10
Let m = -11 + 14. Suppose -o + m*o - 50 = 0. What is the remainder when o is divided by 15?
10
Suppose 23*g - 117 = 10*g. Suppose -39 - 136 = -5*y. Calculate the remainder when y is divided by g.
8
Let p(l) = -l**2 + 9*l - 10. Calculate the remainder when p(6) is divided by 4.
0
Let n = 9 - 6. Let m(r) = r**3 - 5*r**2 - 5*r - 4. What is the remainder when n is divided by m(6)?
1
Suppose 6 + 18 = -t. Let f = -11 - t. Calculate the remainder when 25 is divided by f.
12
Suppose 0*t + 60 = t + 2*p, -4*t + 225 = 3*p. Let h = -18 + t. Let i(a) = -a**2 + 7*a + 7. Calculate the remainder when h is divided by i(6).
10
Let l(z) = 19*z**3 + 1. What is the remainder when l(1) is divided by 12?
8
Calculate the remainder when -6 - -1 - (12 + -4 + -56) is divided by (-2)/(-8) - (-59)/4.
13
Let d(n) = n**2 + 3*n - 6. Let r(t) = 1. Let m(j) = 2*d(j) + 6*r(j). Calculate the remainder when m(-8) is divided by 19.
17
Suppose 4*t = 2*t + 6. Suppose 4*s - 140 = 5*m + 2, -t*s = -4*m - 107. What is the remainder when s is divided by 17?
16
Suppose -b = -3 - 1. What is the remainder when 7 is divided by 6/9 - b/(-3)?
1
Let x(q) = -q**2 - 13*q + 2. Let p = -8 + -2. What is the remainder when x(p) is divided by 11?
10
Let i be -4*-1*(-1)/(-4). What is the remainder when i + (-22)/(-1) + 1 is divided by 13?
11
What is the remainder when 26 is divided by (-352)/(-48) - (-1)/(-3)?
5
Let s(i) = -i**3 - 3*i**2 - 2*i + 1. Let j be s(-3). Suppose 2*b = b + j. Suppose 2*w = b*w - 85. Calculate the remainder when w is divided by 6.
5
Let r = 68 + -50. Suppose 5*u + 3*q + 39 = 0, 4*u + 9 = 2*q + 3*q. Let f = 16 + u. What is the remainder when r is divided by f?
8
Let t be (-93)/2*(-2)/3. Suppose 3*l - 19 = u, t = 5*l - 3*u - 2. Calculate the remainder when 11 is divided by l.
5
Suppose -3 = 2*i - 1. Let w be (-52)/(-10) - i/(-5). Suppose -5*j + 95 = 2*v + 3*v, 17 = 2*j - w*v. What is the remainder when 31 is divided by j?
15
Let a(w) = -8*w + 102. What is the remainder when 10 is divided by a(12)?
4
Let f = -5 + 16. Let p(m) = 2*m**2 - 2*m - 3. Let q be p(-2). Let t = q + -5. Calculate the remainder when f is divided by t.
3
Suppose 4 = -3*q + 7*q. Suppose 5*o - q = 14. Calculate the remainder when 10 is divided by o.
1
Let h(n) be the third 